mmon factor of 621390 and 189420.
2310
Calculate the highest common factor of 6200 and 358825.
775
Calculate the greatest common factor of 980 and 47369770.
490
Calculate the highest common divisor of 2709 and 5551371.
63
Calculate the highest common divisor of 37387 and 170471.
343
Calculate the greatest common factor of 356290 and 1727.
11
What is the highest common factor of 2245219 and 14043?
151
Calculate the greatest common divisor of 968 and 81992.
8
What is the highest common factor of 1883 and 33116052?
269
What is the highest common divisor of 78208 and 19328?
128
What is the highest common divisor of 12544375 and 1875?
625
Calculate the greatest common factor of 360 and 971160.
120
Calculate the greatest common factor of 1457 and 279227.
47
Calculate the greatest common divisor of 217090 and 7870.
10
What is the greatest common divisor of 10495002 and 420?
42
Calculate the highest common factor of 188285 and 85.
5
Calculate the greatest common divisor of 129672 and 249552.
72
Calculate the highest common divisor of 20 and 9278110.
10
Calculate the greatest common divisor of 12002 and 124950.
34
What is the greatest common factor of 26052 and 499876?
52
What is the highest common divisor of 152 and 25763772?
76
What is the highest common divisor of 66593957 and 398?
199
Calculate the highest common factor of 9477 and 612534.
39
Calculate the greatest common factor of 30864312 and 144.
72
What is the highest common divisor of 7 and 68693632?
7
What is the greatest common factor of 43596 and 10059?
21
Calculate the highest common factor of 56 and 9366232.
8
What is the greatest common divisor of 353 and 38929546?
353
Calculate the highest common factor of 607299 and 2667.
21
What is the highest common divisor of 4896 and 2306784?
96
Calculate the greatest common factor of 1287800 and 564.
188
Calculate the highest common factor of 664 and 18456.
8
Calculate the greatest common factor of 93666 and 137886.
402
Calculate the highest common factor of 31040 and 10427015.
485
What is the greatest common divisor of 108842054 and 310?
62
What is the greatest common divisor of 59389 and 1628?
11
What is the highest common divisor of 5472973 and 209?
11
What is the highest common divisor of 60928 and 955094?
238
What is the highest common factor of 86148534 and 24?
6
Calculate the greatest common factor of 32064 and 958464.
192
What is the greatest common divisor of 43266548 and 8?
4
Calculate the greatest common divisor of 11197095 and 18299.
631
What is the highest common divisor of 57 and 447347609?
19
What is the greatest common factor of 8850 and 564276?
354
Calculate the highest common factor of 21164 and 5019124.
1628
What is the greatest common factor of 454410 and 42415?
85
Calculate the greatest common divisor of 14500 and 485402.
58
What is the highest common factor of 158373553 and 13?
13
Calculate the highest common divisor of 12692691 and 1980.
99
Calculate the greatest common divisor of 5665292 and 46996.
1516
What is the highest common divisor of 3348 and 7490592?
1116
What is the highest common factor of 70 and 2259082?
14
Calculate the greatest common factor of 340522 and 3094.
182
Calculate the greatest common divisor of 1386641 and 188.
47
Calculate the highest common divisor of 128307 and 66975.
57
Calculate the highest common factor of 188039 and 6751.
43
What is the greatest common divisor of 5233659 and 430?
43
What is the greatest common factor of 20608 and 84224?
896
What is the highest common factor of 1624 and 14922472?
232
What is the greatest common factor of 12282 and 1761846?
138
What is the greatest common factor of 110842667 and 13?
13
What is the highest common divisor of 713 and 905855?
23
What is the highest common factor of 19542269 and 151?
151
Calculate the greatest common divisor of 11190797 and 180045.
4001
Calculate the greatest common factor of 699 and 61047.
3
What is the greatest common divisor of 72085 and 6175?
65
What is the greatest common divisor of 24 and 448624332?
12
What is the greatest common divisor of 15073924 and 3128?
92
What is the highest common factor of 71343 and 17325?
9
Calculate the greatest common divisor of 3000670 and 50.
10
Calculate the greatest common factor of 259300 and 585600.
100
What is the highest common factor of 72712991 and 26?
13
Calculate the greatest common factor of 8013752 and 1940.
388
What is the highest common divisor of 133896 and 154728?
168
What is the greatest common divisor of 22440 and 22223080?
7480
Calculate the highest common factor of 128322031 and 703.
37
Calculate the highest common divisor of 6876 and 1515012.
2292
What is the highest common divisor of 374459499 and 37?
37
What is the highest common divisor of 589118 and 7922?
34
What is the greatest common factor of 102920481 and 2623?
61
What is the highest common factor of 492701670 and 117315?
10665
Calculate the highest common factor of 1527228 and 5056.
316
Calculate the highest common divisor of 1682 and 344056.
58
What is the highest common divisor of 36360 and 89829?
9
What is the greatest common divisor of 12587991 and 6?
3
Calculate the highest common factor of 136 and 264564268.
68
What is the greatest common divisor of 1557 and 917073?
1557
What is the greatest common factor of 713200 and 1773600?
400
Calculate the highest common divisor of 21 and 8569644.
3
What is the greatest common factor of 129379940 and 220?
20
Calculate the greatest common factor of 120660684 and 24.
12
What is the greatest common divisor of 18 and 12743559?
9
Calculate the highest common divisor of 4573300 and 1748.
76
Calculate the greatest common divisor of 634889825 and 4150.
2075
What is the greatest common factor of 80556 and 64092?
588
What is the highest common divisor of 1750 and 88500125?
875
What is the greatest common factor of 103190 and 6592627?
607
What is the highest common divisor of 2376318 and 3654?
1218
What is the greatest common factor of 34 and 443242?
2
Calculate the highest common divisor of 13918200 and 15.
15
What is the greatest common factor of 3193 and 2636767?
31
Calculate the greatest common divisor of 50592 and 2494291.
527
What is the highest common divisor of 623224468 and 46?
46
Calculate the highest common factor of 106856 and 2793418.
722
What is the greatest common factor of 547 and 2801544191?
547
What is the highest common divisor of 231374666 and 38?
38
Calculate the greatest common factor of 3958162 and 5382.
598
Calculate the greatest common divisor of 37285001 and 3289.
299
What is the greatest common factor of 576 and 3838248?
72
What is the highest common divisor of 24192205 and 23?
23
What is the greatest common factor of 2910052 and 722108?
4324
Calculate the highest common divisor of 6 and 74642224.
2
Calculate the greatest common factor of 13413 and 267915733.
4471
What is the highest common divisor of 15235276 and 2744?
196
Calculate the greatest common factor of 81412842 and 2286.
762
What is the greatest common factor of 368 and 69055232?
16
Calculate the greatest common divisor of 6160504 and 124936.
1288
Calculate the greatest common factor of 2854830 and 872070.
1230
What is the highest common factor of 142378 and 1285?
257
What is the greatest common factor of 11501 and 2586241?
371
Calculate the greatest common divisor of 11999 and 34788819.
169
What is the greatest common divisor of 5541786 and 6519?
159
What is the greatest common divisor of 79223505 and 1740?
435
What is the highest common divisor of 84 and 62780628?
12
Calculate the highest common factor of 49495316 and 6260.
1252
Calculate the greatest common divisor of 142065 and 276870.
165
Calculate the highest common factor of 39 and 107016910.
13
What is the highest common divisor of 123 and 47897799?
123
Calculate the greatest common factor of 1098 and 253480437.
549
Calculate the greatest common factor of 4437 and 38607.
51
Calculate the greatest common factor of 8288 and 4601024.
1184
What is the highest common factor of 27901335 and 19380?
255
Calculate the highest common divisor of 1790 and 91924555.
895
Calculate the greatest common divisor of 318812755 and 2385.
265
Calculate the greatest common divisor of 227262 and 7644.
294
What is the greatest common factor of 1446212 and 54